{"id":843,"date":"2022-03-11T11:35:07","date_gmt":"2022-03-11T10:35:07","guid":{"rendered":"https:\/\/sopranienie.pl\/?page_id=843"},"modified":"2023-05-26T01:00:51","modified_gmt":"2023-05-25T23:00:51","slug":"oferta-szkoleniowa","status":"publish","type":"page","link":"https:\/\/sopranienie.pl\/index.php\/oferta-szkoleniowa\/","title":{"rendered":"Oferta szkoleniowa"},"content":{"rendered":"\t\t<div data-elementor-type=\"wp-page\" data-elementor-id=\"843\" class=\"elementor elementor-843\">\n\t\t\t\t\t\t<section class=\"elementor-section elementor-top-section elementor-element elementor-element-2eae184 elementor-section-height-min-height elementor-section-boxed elementor-section-height-default elementor-section-items-middle\" data-id=\"2eae184\" data-element_type=\"section\" id=\"home\" data-settings=\"{&quot;background_background&quot;:&quot;classic&quot;}\">\n\t\t\t\t\t\t\t<div class=\"elementor-background-overlay\"><\/div>\n\t\t\t\t\t\t\t<div class=\"elementor-container elementor-column-gap-default\">\n\t\t\t\t\t<div class=\"elementor-column elementor-col-100 elementor-top-column elementor-element elementor-element-3a93f4de elementor-invisible\" data-id=\"3a93f4de\" data-element_type=\"column\" data-settings=\"{&quot;animation&quot;:&quot;fadeIn&quot;,&quot;animation_delay&quot;:0}\">\n\t\t\t<div class=\"elementor-widget-wrap elementor-element-populated\">\n\t\t\t\t\t\t<section class=\"elementor-section elementor-inner-section elementor-element elementor-element-4500b815 elementor-section-full_width elementor-section-height-default elementor-section-height-default\" data-id=\"4500b815\" data-element_type=\"section\">\n\t\t\t\t\t\t<div class=\"elementor-container elementor-column-gap-default\">\n\t\t\t\t\t<div class=\"elementor-column elementor-col-100 elementor-inner-column elementor-element elementor-element-1768e7d3\" data-id=\"1768e7d3\" data-element_type=\"column\">\n\t\t\t<div class=\"elementor-widget-wrap elementor-element-populated\">\n\t\t\t\t\t\t<div class=\"elementor-element elementor-element-52433dbc elementor-widget elementor-widget-writing-effect-headline\" data-id=\"52433dbc\" data-element_type=\"widget\" data-widget_type=\"writing-effect-headline.default\">\n\t\t\t\t<div class=\"elementor-widget-container\">\n\t\t\t\t\t        <h2 class=\"futurio-extra-written-headline\" data-speed=\"10\" data-delay=\"100\" data-loop=\"0\">\r\n        \r\n                    <span class=\"written-lines\">OFERTA<\/span>\r\n        \r\n                    <span class=\"after-written\">SZKOLENIOWA<\/span>\r\n                <\/h2>\r\n        \t\t\t\t<\/div>\n\t\t\t\t<\/div>\n\t\t\t\t\t<\/div>\n\t\t<\/div>\n\t\t\t\t\t<\/div>\n\t\t<\/section>\n\t\t\t\t<section class=\"elementor-section elementor-inner-section elementor-element elementor-element-7409b851 elementor-section-boxed elementor-section-height-default elementor-section-height-default\" data-id=\"7409b851\" data-element_type=\"section\">\n\t\t\t\t\t\t<div class=\"elementor-container elementor-column-gap-default\">\n\t\t\t\t\t<div class=\"elementor-column elementor-col-100 elementor-inner-column elementor-element elementor-element-56285c09\" data-id=\"56285c09\" data-element_type=\"column\">\n\t\t\t<div class=\"elementor-widget-wrap elementor-element-populated\">\n\t\t\t\t\t\t<div class=\"elementor-element elementor-element-639647d3 elementor-widget elementor-widget-advanced-text-block\" data-id=\"639647d3\" data-element_type=\"widget\" data-widget_type=\"advanced-text-block.default\">\n\t\t\t\t<div class=\"elementor-widget-container\">\n\t\t\t\t\t<div class=\"futurio_extra_adv_text_block \" ><div class=\"text-content-block\"><p>W&nbsp;grupie ra\u017aniej! Mog\u0119 zorganizowa\u0107 szkolenie z&nbsp;wyst\u0105pie\u0144 publicznych dla&nbsp;Twojej firmy lub&nbsp;warsztaty emisji g\u0142osu w&nbsp;mowie i\u015bpiewie na&nbsp;Twoim festiwalu. Poznajmy si\u0119!<\/p><\/div><\/div>\t\t\t\t<\/div>\n\t\t\t\t<\/div>\n\t\t\t\t\t<\/div>\n\t\t<\/div>\n\t\t\t\t\t<\/div>\n\t\t<\/section>\n\t\t\t\t\t<\/div>\n\t\t<\/div>\n\t\t\t\t\t<\/div>\n\t\t<\/section>\n\t\t\t\t<section class=\"elementor-section elementor-top-section elementor-element elementor-element-6846b3a1 elementor-section-content-bottom elementor-section-boxed elementor-section-height-default elementor-section-height-default\" data-id=\"6846b3a1\" data-element_type=\"section\" data-settings=\"{&quot;background_background&quot;:&quot;classic&quot;,&quot;shape_divider_top&quot;:&quot;pyramids&quot;}\">\n\t\t\t\t\t\t\t<div class=\"elementor-background-overlay\"><\/div>\n\t\t\t\t\t\t<div class=\"elementor-shape elementor-shape-top\" data-negative=\"false\">\n\t\t\t<svg xmlns=\"http:\/\/www.w3.org\/2000\/svg\" viewBox=\"0 0 1000 100\" preserveAspectRatio=\"none\">\n\t<path class=\"elementor-shape-fill\" d=\"M761.9,44.1L643.1,27.2L333.8,98L0,3.8V0l1000,0v3.9\"\/>\n<\/svg>\t\t<\/div>\n\t\t\t\t\t<div class=\"elementor-container elementor-column-gap-default\">\n\t\t\t\t\t<div class=\"elementor-column elementor-col-100 elementor-top-column elementor-element elementor-element-506b9cd\" data-id=\"506b9cd\" data-element_type=\"column\" data-settings=\"{&quot;background_background&quot;:&quot;classic&quot;}\">\n\t\t\t<div class=\"elementor-widget-wrap elementor-element-populated\">\n\t\t\t\t\t\t<div class=\"elementor-element elementor-element-342db55 elementor-widget elementor-widget-spacer\" data-id=\"342db55\" data-element_type=\"widget\" data-widget_type=\"spacer.default\">\n\t\t\t\t<div class=\"elementor-widget-container\">\n\t\t\t\t\t\t\t<div class=\"elementor-spacer\">\n\t\t\t<div class=\"elementor-spacer-inner\"><\/div>\n\t\t<\/div>\n\t\t\t\t\t\t<\/div>\n\t\t\t\t<\/div>\n\t\t\t\t\t<\/div>\n\t\t<\/div>\n\t\t\t\t\t<\/div>\n\t\t<\/section>\n\t\t\t\t<section class=\"elementor-section elementor-top-section elementor-element elementor-element-4ab2ad08 elementor-section-content-middle elementor-reverse-mobile elementor-section-boxed elementor-section-height-default elementor-section-height-default elementor-invisible\" data-id=\"4ab2ad08\" data-element_type=\"section\" data-settings=\"{&quot;background_background&quot;:&quot;classic&quot;,&quot;animation&quot;:&quot;bounceInRight&quot;}\">\n\t\t\t\t\t\t<div class=\"elementor-container elementor-column-gap-wider\">\n\t\t\t\t\t<div class=\"elementor-column elementor-col-50 elementor-top-column elementor-element elementor-element-6abffaf3\" data-id=\"6abffaf3\" data-element_type=\"column\">\n\t\t\t<div class=\"elementor-widget-wrap elementor-element-populated\">\n\t\t\t\t\t\t<div class=\"elementor-element elementor-element-2d1c168d text-left elementor-widget elementor-widget-advanced-text-block\" data-id=\"2d1c168d\" data-element_type=\"widget\" data-widget_type=\"advanced-text-block.default\">\n\t\t\t\t<div class=\"elementor-widget-container\">\n\t\t\t\t\t<div class=\"futurio_extra_adv_text_block \" ><div class=\"text-content-block\"><p>Oferta dla&nbsp;grup<\/p><\/div><\/div>\t\t\t\t<\/div>\n\t\t\t\t<\/div>\n\t\t\t\t<div class=\"elementor-element elementor-element-59ca4f9d text-left elementor-widget elementor-widget-advanced-text-block\" data-id=\"59ca4f9d\" data-element_type=\"widget\" data-widget_type=\"advanced-text-block.default\">\n\t\t\t\t<div class=\"elementor-widget-container\">\n\t\t\t\t\t<div class=\"futurio_extra_adv_text_block \" ><div class=\"text-content-block\"><p><strong>Szkolenie emisji g\u0142osu<\/strong><\/p><\/div><\/div>\t\t\t\t<\/div>\n\t\t\t\t<\/div>\n\t\t\t\t<div class=\"elementor-element elementor-element-6affdc34 elementor-widget-divider--view-line elementor-widget elementor-widget-divider\" data-id=\"6affdc34\" data-element_type=\"widget\" data-widget_type=\"divider.default\">\n\t\t\t\t<div class=\"elementor-widget-container\">\n\t\t\t\t\t\t\t<div class=\"elementor-divider\">\n\t\t\t<span class=\"elementor-divider-separator\">\n\t\t\t\t\t\t<\/span>\n\t\t<\/div>\n\t\t\t\t\t\t<\/div>\n\t\t\t\t<\/div>\n\t\t\t\t<div class=\"elementor-element elementor-element-6cd2be04 text-justify elementor-widget elementor-widget-advanced-text-block\" data-id=\"6cd2be04\" data-element_type=\"widget\" data-widget_type=\"advanced-text-block.default\">\n\t\t\t\t<div class=\"elementor-widget-container\">\n\t\t\t\t\t<div class=\"futurio_extra_adv_text_block \" ><div class=\"text-content-block\"><p>Szkolenie skierowane jest do\u00a0os\u00f3b pracuj\u0105cych g\u0142osem, kt\u00f3re pragn\u0105 m\u00f3wi\u0107 wyra\u017anie i\u00a0skutecznie si\u0119 komunikowa\u0107, zachowuj\u0105c zdrowie i\u00a0si\u0142\u0119 g\u0142osu.<\/p>\n<p>Ka\u017cdy z&nbsp;pi\u0119ciu modu\u0142\u00f3w szkolenia podzielony jest na&nbsp;cz\u0119\u015b\u0107 teoretyczn\u0105 i&nbsp;rozbudowan\u0105 cz\u0119\u015b\u0107 praktyczn\u0105, uwzgl\u0119dniaj\u0105c\u0105 \u0107wiczenia oddechowe, artykulacyjne, rezonansu i&nbsp;interpretacji tekstu. Wa\u017cnymi elementami szkolenia s\u0105 nauka automasa\u017cu stawu skroniowo-\u017cuchwowego oraz&nbsp;praca z&nbsp;emocjami (redukcja tremy) przy&nbsp;pomocy relaksacji. W&nbsp;ci\u0105gu szkolenia dwukrotnie nagrasz sw\u00f3j g\u0142os przy&nbsp;u\u017cyciu profesjonalnego sprz\u0119tu.\u00a0<\/p><\/div><\/div>\t\t\t\t<\/div>\n\t\t\t\t<\/div>\n\t\t\t\t<div class=\"elementor-element elementor-element-044e70e elementor-align-right elementor-widget elementor-widget-button\" data-id=\"044e70e\" data-element_type=\"widget\" data-widget_type=\"button.default\">\n\t\t\t\t<div class=\"elementor-widget-container\">\n\t\t\t\t\t\t\t\t\t<div class=\"elementor-button-wrapper\">\n\t\t\t\t\t<a class=\"elementor-button elementor-button-link elementor-size-sm\" href=\"https:\/\/sopranienie.pl\/#contact\">\n\t\t\t\t\t\t<span class=\"elementor-button-content-wrapper\">\n\t\t\t\t\t\t\t\t\t<span class=\"elementor-button-text\">Zapytaj o&nbsp;cen\u0119<\/span>\n\t\t\t\t\t<\/span>\n\t\t\t\t\t<\/a>\n\t\t\t\t<\/div>\n\t\t\t\t\t\t\t\t<\/div>\n\t\t\t\t<\/div>\n\t\t\t\t\t<\/div>\n\t\t<\/div>\n\t\t\t\t<div class=\"elementor-column elementor-col-50 elementor-top-column elementor-element elementor-element-0024671\" data-id=\"0024671\" data-element_type=\"column\">\n\t\t\t<div class=\"elementor-widget-wrap\">\n\t\t\t\t\t\t\t<\/div>\n\t\t<\/div>\n\t\t\t\t\t<\/div>\n\t\t<\/section>\n\t\t\t\t<section class=\"elementor-section elementor-top-section elementor-element elementor-element-777a2cba elementor-section-content-middle elementor-reverse-mobile elementor-section-boxed elementor-section-height-default elementor-section-height-default elementor-invisible\" data-id=\"777a2cba\" data-element_type=\"section\" data-settings=\"{&quot;background_background&quot;:&quot;classic&quot;,&quot;animation&quot;:&quot;bounceInLeft&quot;}\">\n\t\t\t\t\t\t<div class=\"elementor-container elementor-column-gap-wider\">\n\t\t\t\t\t<div class=\"elementor-column elementor-col-50 elementor-top-column elementor-element elementor-element-d6da502\" data-id=\"d6da502\" data-element_type=\"column\">\n\t\t\t<div class=\"elementor-widget-wrap\">\n\t\t\t\t\t\t\t<\/div>\n\t\t<\/div>\n\t\t\t\t<div class=\"elementor-column elementor-col-50 elementor-top-column elementor-element elementor-element-1876d8dc\" data-id=\"1876d8dc\" data-element_type=\"column\">\n\t\t\t<div class=\"elementor-widget-wrap elementor-element-populated\">\n\t\t\t\t\t\t<div class=\"elementor-element elementor-element-0e1098c text-left elementor-widget elementor-widget-advanced-text-block\" data-id=\"0e1098c\" data-element_type=\"widget\" data-widget_type=\"advanced-text-block.default\">\n\t\t\t\t<div class=\"elementor-widget-container\">\n\t\t\t\t\t<div class=\"futurio_extra_adv_text_block \" ><div class=\"text-content-block\"><p><strong>Warsztat \u015bpiewu<\/strong><\/p><\/div><\/div>\t\t\t\t<\/div>\n\t\t\t\t<\/div>\n\t\t\t\t<div class=\"elementor-element elementor-element-c565f2f elementor-widget-divider--view-line elementor-widget elementor-widget-divider\" data-id=\"c565f2f\" data-element_type=\"widget\" data-widget_type=\"divider.default\">\n\t\t\t\t<div class=\"elementor-widget-container\">\n\t\t\t\t\t\t\t<div class=\"elementor-divider\">\n\t\t\t<span class=\"elementor-divider-separator\">\n\t\t\t\t\t\t<\/span>\n\t\t<\/div>\n\t\t\t\t\t\t<\/div>\n\t\t\t\t<\/div>\n\t\t\t\t<div class=\"elementor-element elementor-element-9d09100 text-justify elementor-widget elementor-widget-advanced-text-block\" data-id=\"9d09100\" data-element_type=\"widget\" data-widget_type=\"advanced-text-block.default\">\n\t\t\t\t<div class=\"elementor-widget-container\">\n\t\t\t\t\t<div class=\"futurio_extra_adv_text_block \" ><div class=\"text-content-block\"><p>Wsp\u00f3lne \u015bpiewanie pomo\u017ce Ci wprowadzi\u0107 pozytywn\u0105 atmosfer\u0119 w&nbsp;firmie i&nbsp;zintegruje Tw\u00f3j zesp\u00f3\u0142. Pod&nbsp;moim okiem nauczycie si\u0119 wsp\u00f3lnie piosenki lub&nbsp;kol\u0119dy, a&nbsp;po warsztatach wykonacie j\u0105 na&nbsp;firmowej imprezie. Zbierz 5 os\u00f3b na&nbsp;szkolenie emisji glosu, a&nbsp;warsztat \u015bpiewu otrzymasz gratis!<\/p><\/div><\/div>\t\t\t\t<\/div>\n\t\t\t\t<\/div>\n\t\t\t\t<div class=\"elementor-element elementor-element-eedff99 elementor-align-right elementor-widget elementor-widget-button\" data-id=\"eedff99\" data-element_type=\"widget\" data-widget_type=\"button.default\">\n\t\t\t\t<div class=\"elementor-widget-container\">\n\t\t\t\t\t\t\t\t\t<div class=\"elementor-button-wrapper\">\n\t\t\t\t\t<a class=\"elementor-button elementor-button-link elementor-size-sm\" href=\"https:\/\/sopranienie.pl\/#contact\">\n\t\t\t\t\t\t<span class=\"elementor-button-content-wrapper\">\n\t\t\t\t\t\t\t\t\t<span class=\"elementor-button-text\">Zapytaj o&nbsp;cen\u0119<\/span>\n\t\t\t\t\t<\/span>\n\t\t\t\t\t<\/a>\n\t\t\t\t<\/div>\n\t\t\t\t\t\t\t\t<\/div>\n\t\t\t\t<\/div>\n\t\t\t\t\t<\/div>\n\t\t<\/div>\n\t\t\t\t\t<\/div>\n\t\t<\/section>\n\t\t\t\t<\/div>\n\t\t","protected":false},"excerpt":{"rendered":"<p>OFERTA SZKOLENIOWA W&nbsp;grupie ra\u017aniej! Mog\u0119 zorganizowa\u0107 szkolenie z&nbsp;wyst\u0105pie\u0144 publicznych dla&nbsp;Twojej firmy lub&nbsp;warsztaty emisji g\u0142osu w&nbsp;mowie i\u015bpiewie na&nbsp;Twoim festiwalu. Poznajmy si\u0119! Oferta dla&nbsp;grup Szkolenie emisji g\u0142osu Szkolenie skierowane jest do\u00a0os\u00f3b pracuj\u0105cych g\u0142osem, kt\u00f3re pragn\u0105 m\u00f3wi\u0107 wyra\u017anie i\u00a0skutecznie si\u0119 komunikowa\u0107, zachowuj\u0105c zdrowie i\u00a0si\u0142\u0119 g\u0142osu. Ka\u017cdy z&nbsp;pi\u0119ciu modu\u0142\u00f3w szkolenia podzielony jest na&nbsp;cz\u0119\u015b\u0107 teoretyczn\u0105 i&nbsp;rozbudowan\u0105 cz\u0119\u015b\u0107 praktyczn\u0105, uwzgl\u0119dniaj\u0105c\u0105 \u0107wiczenia&hellip;<\/p>\n","protected":false},"author":1,"featured_media":0,"parent":0,"menu_order":0,"comment_status":"closed","ping_status":"closed","template":"","meta":{"footnotes":""},"_links":{"self":[{"href":"https:\/\/sopranienie.pl\/index.php\/wp-json\/wp\/v2\/pages\/843"}],"collection":[{"href":"https:\/\/sopranienie.pl\/index.php\/wp-json\/wp\/v2\/pages"}],"about":[{"href":"https:\/\/sopranienie.pl\/index.php\/wp-json\/wp\/v2\/types\/page"}],"author":[{"embeddable":true,"href":"https:\/\/sopranienie.pl\/index.php\/wp-json\/wp\/v2\/users\/1"}],"replies":[{"embeddable":true,"href":"https:\/\/sopranienie.pl\/index.php\/wp-json\/wp\/v2\/comments?post=843"}],"version-history":[{"count":148,"href":"https:\/\/sopranienie.pl\/index.php\/wp-json\/wp\/v2\/pages\/843\/revisions"}],"predecessor-version":[{"id":3228,"href":"https:\/\/sopranienie.pl\/index.php\/wp-json\/wp\/v2\/pages\/843\/revisions\/3228"}],"wp:attachment":[{"href":"https:\/\/sopranienie.pl\/index.php\/wp-json\/wp\/v2\/media?parent=843"}],"curies":[{"name":"wp","href":"https:\/\/api.w.org\/{rel}","templated":true}]}}